  {"id":811,"date":"2020-07-08T12:17:21","date_gmt":"2020-07-08T10:17:21","guid":{"rendered":"https:\/\/www.mastphotogrant.com\/artisti\/txema-salvans\/"},"modified":"2020-07-09T16:09:00","modified_gmt":"2020-07-09T14:09:00","slug":"txema-salvans","status":"publish","type":"artisti","link":"https:\/\/mastphotogrant.com\/it\/artisti\/txema-salvans\/","title":{"rendered":"Txema Salvans"},"content":{"rendered":"\n<p>Ogni sera, prima di andare a letto, d\u00f2 una bella ripulita alla mente per poter dormire come un bambino. Questo metodo non mi \u00e8 stato prescritto da uno strano dottore: l&#8217;ho inventato io quando ero piccolo, come una forma di igiene mentale.<br>Credo sinceramente che la felicit\u00e0 sia il dono pi\u00f9 grande che possiamo fare a noi stessi quando siamo posti di fronte al nostro destino mortale. Io ho scelto la fotografia, uno dei modi pi\u00f9 intensi per guardare e affrontare la vita quotidiana. Fare fotografie \u00e8 anche un eccellente sistema per interagire con gli altri e per me, che sono socievole e ottimista, l&#8217;interazione con le persone \u00e8 necessaria tanto quanto respirare; a condizione che sia positiva. Ed \u00e8 proprio qui che si scorgono gli aspetti della vita che pi\u00f9 mi interessano, quelli a cui facciamo ricorso esclusivamente nella ricerca di quel fragile fine che si chiama felicit\u00e0: momenti di riposo fisici e mentali intesi come regni in cui si afferma la vita, lontani dagli sforzi e dai sacrifici richiesti dal lavoro da cui dipende il nostro sostentamento.<br>Credo che il mio modo di vedere le cose sia passato dalla sorpresa, dall&#8217;ironia e dalla celebrazione all&#8217;accettazione appagata della manifestazione degli altri, sempre meno pronto a giudicare, sempre meno reciproco e sempre pi\u00f9 maturo.<br><br><\/p>\n","protected":false},"excerpt":{"rendered":"<p>Ogni sera, prima di andare a letto, d\u00f2 una bella ripulita alla mente per poter dormire come un bambino. Questo metodo non mi \u00e8 stato prescritto da uno strano dottore: l&#8217;ho inventato io quando ero piccolo, come una forma di igiene mentale.Credo sinceramente che la felicit\u00e0 sia il dono pi\u00f9 grande che possiamo fare a [&hellip;]<\/p>\n","protected":false},"featured_media":0,"template":"","meta":{"_acf_changed":false},"edizioni":[23],"class_list":["post-811","artisti","type-artisti","status-publish","hentry","edizioni-third-edition"],"acf":[],"_links":{"self":[{"href":"https:\/\/mastphotogrant.com\/it\/wp-json\/wp\/v2\/artisti\/811","targetHints":{"allow":["GET"]}}],"collection":[{"href":"https:\/\/mastphotogrant.com\/it\/wp-json\/wp\/v2\/artisti"}],"about":[{"href":"https:\/\/mastphotogrant.com\/it\/wp-json\/wp\/v2\/types\/artisti"}],"wp:attachment":[{"href":"https:\/\/mastphotogrant.com\/it\/wp-json\/wp\/v2\/media?parent=811"}],"wp:term":[{"taxonomy":"edizioni","embeddable":true,"href":"https:\/\/mastphotogrant.com\/it\/wp-json\/wp\/v2\/edizioni?post=811"}],"curies":[{"name":"wp","href":"https:\/\/api.w.org\/{rel}","templated":true}]}}

<p>Ogni sera, prima di andare a letto, dò una bella ripulita alla mente per poter dormire come un bambino. Questo metodo non mi è stato prescritto da uno strano dottore: l&#8217;ho inventato io quando ero piccolo, come una forma di igiene mentale.<br>Credo sinceramente che la felicità sia il dono più grande che possiamo fare a noi stessi quando siamo posti di fronte al nostro destino mortale. Io ho scelto la fotografia, uno dei modi più intensi per guardare e affrontare la vita quotidiana. Fare fotografie è anche un eccellente sistema per interagire con gli altri e per me, che sono socievole e ottimista, l&#8217;interazione con le persone è necessaria tanto quanto respirare; a condizione che sia positiva. Ed è proprio qui che si scorgono gli aspetti della vita che più mi interessano, quelli a cui facciamo ricorso esclusivamente nella ricerca di quel fragile fine che si chiama felicità: momenti di riposo fisici e mentali intesi come regni in cui si afferma la vita, lontani dagli sforzi e dai sacrifici richiesti dal lavoro da cui dipende il nostro sostentamento.<br>Credo che il mio modo di vedere le cose sia passato dalla sorpresa, dall&#8217;ironia e dalla celebrazione all&#8217;accettazione appagata della manifestazione degli altri, sempre meno pronto a giudicare, sempre meno reciproco e sempre più maturo.<br><br></p>

<p>Ogni sera, prima di andare a letto, dò una bella ripulita alla mente per poter dormire come un bambino. Questo metodo non mi è stato prescritto da uno strano dottore: l&#8217;ho inventato io quando ero piccolo, come una forma di igiene mentale.Credo sinceramente che la felicità sia il dono più grande che possiamo fare a [&hellip;]</p>
